= -c + 2*b + 7, o*b = 4*c - p. What are the prime factors of c?
3
Let y(t) = 2*t**2 - 3*t + 1. Let v be y(2). What are the prime factors of ((-1)/v - (-266)/(-3))/(-1)?
89
Suppose -h - 3 = 0, 10 = o - 0*h - 2*h. Suppose o*a = 13*a - 711. What are the prime factors of a?
79
Let a = 3083 + -2044. What are the prime factors of a?
1039
Suppose -34*q = 2*v - 33*q - 3763, q - 1882 = -v. List the prime factors of v.
3, 11, 19
Suppose 0 = -29*v + 5380 + 16863. What are the prime factors of v?
13, 59
Let j(q) = q**2 + 9*q - 14. Let i be j(-11). Let d(u) = -5 + 6*u**2 + i*u**2 + 0 + 4*u + 6*u**3 - 16*u**2. List the prime factors of d(2).
43
Let j(k) = -k**3 - 8*k**2 + 9*k + 13. List the prime factors of j(-10).
3, 41
Suppose 0 = 9*v + 2*v - 1452. Let r = 354 - v. List the prime factors of r.
2, 3, 37
Suppose -3*n = -5*q - 3, 2*n + 0*q = 4*q. Suppose -18*l + 266 = -4*l. Suppose h - l = n. List the prime factors of h.
5
Let c be -1*(3 + 2 + -8). List the prime factors of c/2 - 2/(-4).
2
Let s = 4644 + -1273. List the prime factors of s.
3371
Suppose 4*l - 4*g = 1340, -2*l + 4*g = -4*l + 646. What are the prime factors of l?
331
Let w(u) = u**3 - 2*u**2 - u - 4. Let r be w(3). Let m be 104/6 - r/6. Let n = m + 3. What are the prime factors of n?
2, 5
Let o(n) be the third derivative of n**5/60 + n**4/12 + n**3/6 - 3*n**2. What are the prime factors of o(6)?
7
Let c(u) = -34*u - 144. List the prime factors of c(-7).
2, 47
List the prime factors of (-11322)/(-12) + 7/14 + 5.
13, 73
Let i be (1 - -1) + -1 + 1. Suppose -3*a + 227 = v + 4*v, 4*v - 2*a - 186 = 0. Suppose i*u - 66 = -4*n, -2*u + 0*n = -n - v. What are the prime factors of u?
5
Let r(s) = -50*s**2 - 8*s - 6. Let g(y) = -25*y**2 - 4*y - 3. Let i(x) = -5*g(x) + 2*r(x). What are the prime factors of i(-2)?
5, 19
Let g = -2 - -5. Let d = 10 - g. List the prime factors of -7*2/d*-5.
2, 5
Suppose -18 = c - 5*d + 1, 26 = -2*c + 4*d. Let o = c + 13. Suppose 3*q - o*m = -q + 56, 48 = 3*q - 5*m. List the prime factors of q.
11
Let y be 18/171 + 948/19. Suppose -4*p = 4*b + 14 - y, 4*p = 4. What are the prime factors of b?
2
What are the prime factors of (-2)/(-10) + 25812/90?
7, 41
Suppose -6*p + 20 = 4*p. Suppose 947 = 4*l + 5*q, p*l - 3*q - 175 - 282 = 0. What are the prime factors of l?
233
Let u(a) = a**3 - 3*a**2 + 2. Let h be u(3). Suppose -4*t - 18 = -2*b, -t - 3 = -2*t - h*b. Let k(o) = 2*o**2 - 5*o - 3. What are the prime factors of k(t)?
2, 3, 5
Let t(k) = -3*k - 2. Let d be t(-2). Suppose 23*y - 816 = -11*y. Suppose -d*n + 6*n = y. List the prime factors of n.
2, 3
Let z = 10 - 6. Suppose -1 - 11 = z*r. What are the prime factors of (1/r)/((-10)/270)?
3
Suppose -27 - 8 = -7*n. Suppose -a + 744 = n*a. What are the prime factors of a?
2, 31
Let t be 68 - ((-6)/15)/(4/(-10)). Let h = t - 3. List the prime factors of h.
2
Let f(l) = l**3 - 18*l**2 - 29*l + 58. Let b be f(20). List the prime factors of b + 1*(6 + -3).
281
Let u(t) = t**3 - 2*t**2 - 2*t + 70. Let c be 0*-5*5/(-25). What are the prime factors of u(c)?
2, 5, 7
Let r(o) = 927*o**3 - o + 2. List the prime factors of r(1).
2, 29
Suppose -106 = -o - o. List the prime factors of o.
53
Let z = -1 - -4. Suppose 0*y + 5*p = 4*y - 349, 4*p + 263 = z*y. Suppose -5*w + y = -34. What are the prime factors of w?
23
Suppose 0 = -6*f + 2 + 4. Let w(d) = 5 + 0 + 62*d + f - 5. What are the prime factors of w(1)?
3, 7
Let h(v) = -150*v + 1. Suppose -3*s + 5*w + 12 = 0, 0 = -2*s + 3*s - w - 2. What are the prime factors of h(s)?
151
Let w(u) be the third derivative of 11*u**5/15 + u**3/6 - 8*u**2. List the prime factors of w(1).
3, 5
Let l(w) = -2 + 5*w - 3*w + 4*w + 0*w. Let z be l(1). Suppose -i + 57 = r, -5*r + 2*i = z*i - 270. What are the prime factors of r?
2, 13
Let i = 73 - 69. Let o(r) = 0*r + 0*r + 8*r**2 + 1 - r**3 - r. What are the prime factors of o(i)?
61
Let l(d) = 2*d**2 + 16*d + 28. Let i(n) = -2*n + 7. Let z be i(8). List the prime factors of l(z).
2, 23
Suppose -3*f - 1 = -5*n + 3, 4*n + 2 = 5*f. Suppose t - n*z = -2*t + 114, 3*z - 63 = -2*t. What are the prime factors of 8/t + (-214)/(-9)?
2, 3
Suppose 0*t = 3*t - 9. Suppose -4*a + 3*v + 72 = -7*a, 0 = 3*a - t*v + 90. Let g = 47 + a. List the prime factors of g.
2, 5
Let w be 4/(-10) - (-981)/15. Let b = w + -16. What are the prime factors of b?
7
Let c(n) = 2*n + 6. Let t be c(-3). Suppose -4*q + 28 + 12 = t. List the prime factors of q.
2, 5
Let s = -590 - -1117. List the prime factors of s.
17, 31
Let y(h) = 2*h**2 - 25*h - 52. Let w be y(21). Let m = -135 + w. What are the prime factors of m?
2, 5, 17
Let g be ((-4)/3)/((-4)/90). Suppose -6*m + 9*m + g = 0. List the prime factors of 2/m + (-192)/(-10).
19
Suppose -n = -y - 1 - 0, 2*y = -5*n + 26. Suppose -n*j + 390 + 742 = 3*c, 2*c - 1132 = -4*j. List the prime factors of j.
283
Suppose 9*z + 2*y + 6 = 4*z, -3*z + 3*y = 12. What are the prime factors of z/(-5) + (-2290)/(-25)?
2, 23
Suppose 3*d + 5*v + 33 = 2*v, 3*d + 18 = 2*v. Let k be 1/4 - 14/d. Suppose 0 = -k*f - 16 + 48. What are the prime factors of f?
2
Let b(h) = 4*h**2 - 15*h + 67. What are the prime factors of b(-29)?
2, 1933
Let l(z) = -z**3 + z + 114. Let t be l(0). Suppose 176 = r + 2*r - 2*u, 2*u - t = -2*r. What are the prime factors of r?
2, 29
Let k(j) be the second derivative of 13*j**3/6 - 5*j**2 + 3*j. What are the prime factors of k(4)?
2, 3, 7
Suppose 27*l - 14*l = 6305. What are the prime factors of l?
5, 97
Suppose -3*h = -2*h + 3. Let k be (-705)/(-2) + h/2. Suppose -5*d = p - k, 3*p = 2*d - 89 - 65. List the prime factors of d.
71
Suppose -2678 + 20307 = 17*o. What are the prime factors of o?
17, 61
What are the prime factors of (-8 + 1788/(-9))*(-6)/5?
2, 31
Let z(s) = -7*s - 3. Suppose -k - 7*a = -3*a + 1, 0 = 2*k - 4*a - 46. Let g(d) = -d**2 + 16*d - 18. Let b be g(k). What are the prime factors of z(b)?
2, 3
What are the prime factors of (2 - 20)*9/(-27)*369?
2, 3, 41
Suppose -2*a = 7 - 1. Let m = 36 - a. Let s = -15 + m. List the prime factors of s.
2, 3
Suppose 0 = -4*o + d - 160, -4*o + d = -2*d + 152. Let f = -13 - o. Suppose -2*p = -26 - f. What are the prime factors of p?
3
Let k = 788 - 158. List the prime factors of k.
2, 3, 5, 7
Let n(c) = -14*c + 44. Let y be n(4). List the prime factors of (8 + y)/(1/(-11)).
2, 11
Let x be (-2)/(16/(-14)) + (-10)/(-40). What are the prime factors of 14*7/x*2?
2, 7
Suppose 0 = -2*s + 1 + 3. Suppose 0 = -s*i - 2*p + 22, -4*p = -4*i + 9 + 27. Suppose -2*u - 3*j = -i, -4*u + u - j = -22. List the prime factors of u.
2
Let p = 2 + -2. Suppose p = -15*z + 14*z + 1. Suppose z = 2*x - 7. List the prime factors of x.
2
Suppose -3*f + 0 + 15 = 0, f = 4*k - 75. Suppose h + 272 = 4*z - 0*h, 0 = 5*h + k. List the prime factors of z.
67
Suppose 3*r - 27 = -4*q, 2*q + 3*q = 2*r + 28. Suppose -z + f + q = -12, -3*f = -z + 28. List the prime factors of z.
13
Let h(o) = -14*o + o**2 + 14 - 16 + o. Let g be h(13). What are the prime factors of (g + 4)/((-4)/(-22))?
11
Let g(f) be the third derivative of -25*f**4/24 - f**2. What are the prime factors of g(-3)?
3, 5
Suppose -97*k = -2*g - 95*k + 226, 4*k = -g + 118. Let q be (-4)/(-10) + 46/10. Suppose q*b + 3*y = 287, -2*b - g = -4*b - 2*y. List the prime factors of b.
2, 29
Suppose -2*n = -5*p - 2727, n - 17*p + 18*p = 1346. List the prime factors of n.
7, 193
Let k = -38 - -36. What are the prime factors of k/(-3)*-3 + 102?
2, 5
Let n(f) = -f**3 + 6*f**2 + 7*f + 5. Let m be -2 + -1*(3 - 7). Suppose -2*l - m = -0, t - l = 8. List the prime factors of n(t).
5
Let z = -176 - -395. What are the prime factors of z?
3, 73
Let u be ((-50)/15)/(-2*(-2)/(-6)). Let k = -6 - -9. Suppose l - h = -k*l + 23, -u*l + 10 = -5*h. List the prime factors of l.
7
Let s = -3461 - -6525. List the prime factors of s.
2, 383
Let m be 2/4 - 2/((-4)/115). Let j = m - 12. List the prime factors of j.
2, 23
Suppose 0 = -0*c - 13*c + 65. Suppose -c*h = -b, 68 = 4*b - 5*h + 2*h. List the prime factors of b.
2, 5
Suppose 421 = 4*a - 3935. List the prime factors of a.
3, 11
List the prime factors of (24 - 30)*(-257)/2.
3, 257
Let s(j) = -8*j - 19. Let w be s(-3). Suppose 5*a = -r + 295, 0 = -a - 0*a + w*r + 85. What are the prime factors of a?
2, 3, 5
Let n = 21 + -17. Suppose n*h - 64 + 20 = 0. What are